ne p(k).
9
Let t(o) = o**2 + 3 + 6*o - 15*o + 6*o. Suppose -2*l - 20 = -5*r, -3*l - 1 = 4*r - 8*l. Suppose -3*q + 2*g = -0*g - r, q - 10 = -2*g. Determine t(q).
7
Suppose 2*y + 3*n - 13 = 0, 0 = 5*y - y + 5*n - 21. Let o(f) be the second derivative of 17*f**4/12 + f**3/3 + f**2/2 - 606*f + 3. Give o(y).
16
Let t(o) = o**2 + 12*o + 4. Suppose 117 - 359 - 551 = 61*j. What is t(j)?
17
Let n(a) be the second derivative of a**5/20 + a**4/6 - a**3 - 7*a**2/2 + 68*a. Give n(-5).
-52
Let q(h) = -h + 2*h**2 - 3*h**2 - 1 + 0*h**2. Let n be (-34)/(-5) + (-52)/65. Suppose -12*s - 18 = -n. Give q(s).
-1
Let b(o) = -o**2 - 15*o + 66. Let w be b(-16). Let q be w/(-10)*(-6)/10. Suppose q*z - 12 = 3*h - 3, z - 5*h - 15 = 0. Let v(u) = -u + 1. What is v(z)?
1
Let h(g) be the second derivative of -2*g - 22 - 3/2*g**2 - 1/6*g**3 - 1/12*g**4. What is h(0)?
-3
Let a(y) = -142*y**2 - 26*y + 402. Let n(b) = -95*b**2 - 27*b + 398. Let k(t) = -2*a(t) + 3*n(t). Determine k(10).
0
Let d(v) be the second derivative of 0 - 1/12*v**4 - 42*v + v**3 + 3/2*v**2. Let s = 1 - -2. Give d(s).
12
Let k(a) = -a**3 - 9*a**2 - 16*a + 12. Let t be 225/60*20/(-15). Determine k(t).
-8
Let q(d) = -d**2 - 4*d - 5. Let u(w) = 6*w - 134. Let i = -376 + 398. Let y be u(i). What is q(y)?
-1
Let u(d) = 205*d - 173 + 204*d - 413*d. Let f be u(-44). Let n(j) = 4*j + 2. Determine n(f).
14
Suppose -6*m + 426 + 414 = 0. Let n = m + -135. Let o(b) = 2*b + 4. What is o(n)?
14
Let h(w) = 2*w + 6. Let i(m) = 3*m + 24. Suppose -11 = k + 2*f - 3, 4*k + 27 = -3*f. Let j be i(k). Suppose u = -2*x - j, -3*u - 23 + 5 = -4*x. Determine h(u).
-6
Suppose -32*h + 35*h = 6. Let g(i) = -5*i**h + 8 - 3*i + 0*i**2 + 4*i**2 - 6*i. Determine g(-9).
8
Let a(n) be the first derivative of -n**3/3 + n**2 + 5*n - 70. Suppose -3*t - 3*g + 84 = 0, -g - 180 = -5*t + 2*g. Let u = t + -27. Give a(u).
-19
Let y be 136 - (7/((-35)/(-20)) + -4). Let a(o) = -1 - 86*o + 1 + y*o - 74*o. Give a(1).
-24
Suppose -5*v = -c + 3, 0*v - 4*v = -4*c + 60. Suppose 2*f - c + 10 = 0. Let y(a) = 9*a - f*a - a + 5 - a. What is y(-6)?
-13
Let a(l) = 3*l - 1. Suppose -5*w = g - 27, 0 = 4*g - 0*g + w - 32. Suppose 0 = g*m - m - 36. What is a(m)?
17
Let i(q) = 1775 - 1798 + 2*q + q. What is i(0)?
-23
Let n(f) = -f**2 + 9*f + 4. Suppose -51*r + 53*r - 17 = -u, -5*r + 59 = -3*u. What is n(r)?
-6
Let q(d) = -d**3 - 12*d**2 + 2*d + 20. Suppose 56*s - 3579 = 1125. Let j be s/(-7) - 0/(-4). Determine q(j).
-4
Let o = -4 - -13. Let m(d) be the second derivative of -d**5/60 + 3*d**4/8 - d**3/3 + 39*d**2/2 - 2*d. Let i(v) be the first derivative of m(v). What is i(o)?
-2
Let b(z) = 4*z**3 - 3*z**2 + 3*z. Suppose -78*g + 312 = 78*g. Calculate b(g).
26
Suppose -23*j = -129*j - 56*j - 1134. Let c(w) = -8*w. Calculate c(j).
56
Let s be (1*-1 - -7)*(-1250)/(-100). Suppose -70 = -82*q + s*q. Let x(n) = -n**2 + 12*n - 13. Give x(q).
7
Suppose 2*o + 0 - 2 = -m, -5*o = 2*m - 3. Let f be (-9 - 0)*2/(-3). Suppose f*u + 70 = m. Let c(g) = -g**3 - 11*g**2 - 6. What is c(u)?
-6
Suppose 0 = -2*l - 4*b - 4 - 4, 5*b + 15 = 0. Let x be (-11 + -1 + 8 - 6) + 10. Let a(s) = -s**l - 8 - 8*s - s**2 + x*s**2 + s**2. Determine a(-6).
4
Let v(k) = -5*k + 13. Let t(i) = -2*i + 7. Let r(g) = 7*t(g) - 3*v(g). Let s be r(-4). Let m(x) = -x**2 + 12*x - 5. Calculate m(s).
31
Let l(s) = -7*s**2 + 2*s - 2. Let m(p) = -6*p**2 - 2. Let y(v) = 5*l(v) - 6*m(v). Determine y(-8).
-14
Let a(n) = -n**2 - 3*n - 3. Let d(h) = -7*h - 34. Let b be d(-4). Let v(m) = -m**2 + 5*m - 4. Let s be v(b). Let t = s + 66. Calculate a(t).
-7
Let w(q) = -31*q**2 + 38. Let l(m) = 58*m**2 - 76. Let r(c) = 7*l(c) + 13*w(c). What is r(0)?
-38
Let f(u) be the first derivative of u**7/280 - u**6/180 + u**5/120 - u**4/12 + 73*u**3 + 265. Let i(n) be the third derivative of f(n). What is i(2)?
16
Let t(u) = 8*u. Let y be 25*(-13)/((-260)/8). Let p be 12/y - (-3)/(-15). Determine t(p).
8
Let h(t) be the second derivative of t**5/20 + t**3/6 + t**2/2 + 3*t + 284. Calculate h(2).
11
Let h(p) = 8*p**2 - 3*p. Let s(v) = -26*v**2 + 8*v. Let q(b) = -5*h(b) - 2*s(b). Suppose 2 + 0 = 2*w. What is q(w)?
11
Let y(t) = 14*t - 11*t + 3*t**2 - 10*t + t**3 - 4*t - 5*t - 49. Give y(-4).
-1
Let u(g) be the third derivative of -g**6/720 + g**5/60 + g**4/24 - 3*g**3 + 3*g**2 + 5. Let n(q) be the second derivative of u(q). Calculate n(-8).
10
Let w(u) be the third derivative of 11*u**4/6 + 70*u**3/3 + 1064*u**2. Determine w(-3).
8
Let b be 39/6 - 2/(-4). Let v(f) = 2*f**2 - 7*f - 11. Let a be v(5). Let o(x) = -x + a - 22 + 13 + 8. Calculate o(b).
-4
Let g(h) = -h**2 + 8*h + 2. Let p(k) = -k**3 - 20*k**2 + 15*k + 20. Let x be p(-21). Let r = 152 - x. What is g(r)?
14
Let i(d) = 11*d**2 - 6*d + 11. Let k be i(3). Let v = 86 - k. Let t(j) = j**2 + 8*j + 9. Determine t(v).
-3
Let x(t) be the third derivative of -t**6/120 - t**5/5 - t**2. Let z(n) = n**2 + 504*n - 4629. Let c be z(9). What is x(c)?
0
Let g = -9652 - -9659. Let x(s) = -3*s + 12. Give x(g).
-9
Let s(f) = -14*f + 5. Let w(b) = -19*b + 6. Let c(u) = 14*s(u) - 10*w(u). Determine c(3).
-8
Let q(z) = -40*z - 27. Let f be (-114)/399*(1 - 15/(-6)). Give q(f).
13
Let p(v) = -v**3 + 3. Let z = 173 + -173. Suppose -4*f + q - 3 = -z*q, -4*f - 12 = -4*q. Determine p(f).
3
Let m = 42 + -35. Suppose 0*g = g + m. Let z(c) = c**3 - 2*c - 10. Let n(x) = x**2 - x. Let f(w) = -6*n(w) - z(w). Determine f(g).
3
Let g(z) = z**3 - 7*z**2 - 18*z + 7. Let u(i) = 4*i + 1. Let w be u(2). Calculate g(w).
7
Let t = 2 + 7. Suppose 4*v - v - t = y, -12 = -4*v - y. Suppose -v*k = -5*w - k - 20, 0 = -4*w - 3*k - 39. Let r(o) = -4*o - 7. Calculate r(w).
17
Let t(i) = i**3 - 8*i**2 - 6*i + 1. Let y = -12945 + 12952. Determine t(y).
-90
Let m(j) = -j**3 - 15*j**2 - j - 16. Let s = -1211 + 1196. Give m(s).
-1
Let n(a) = 11*a - 10. Let u(z) = -13*z + 10. Let k = 220 - 215. Let w(b) = k*u(b) + 6*n(b). Calculate w(5).
-5
Let h(g) = 10*g**2 + 2*g - 4. Suppose 19*a - i = 20*a + 5, 2*i + 10 = 0. Determine h(a).
-4
Let k(d) = -24*d**2 + 19*d + 10. Let n(f) = 17*f**2 - 13*f - 6. Let y(i) = -5*k(i) - 7*n(i). What is y(-6)?
52
Suppose 2*a = 2*m + 2*m - 8, 3*m - 12 = 0. Let j(r) = -8*r + 3*r - r**2 + a*r. Calculate j(-4).
-12
Let r(i) be the third derivative of -i**6/120 + 7*i**5/30 + i**4/24 - 11*i**3/6 + 956*i**2 + 2. Determine r(14).
3
Let v(l) = -l**3 - 2*l**2 + 5 - 2*l**2 + 11*l**2 - 5*l - 6*l + 0*l**2. Give v(3).
8
Suppose -5*m + 12 = 3*z, m - 3*m - z = -4. Suppose m*b + b - 10 = 0. Suppose -6*o = -o + b. Let v(y) = -y**3 - 3*y**2 - 2*y + 2. Give v(o).
2
Let y(j) = 5*j - 9. Let f be y(4). Suppose 0 = -5*u - f - 4. Let z(o) = 69*o**3 - 3 - 15*o - 138*o**3 - 5*o**2 + 12*o + 67*o**3. What is z(u)?
15
Let t(v) = -3*v**3 - 2*v**2 + v + 3. Let l(f) = -32*f**3 - 24*f**2 + 10*f + 30. Let g(q) = 2*l(q) - 21*t(q). Give g(-6).
3
Let h(i) = -25*i**2 + 5*i - 5. Let t = 12708 + -12707. Calculate h(t).
-25
Let x(l) = -14*l**3 - 12*l**2 - 3*l. Let t(b) = 30*b**3 + 29*b**2 + 6*b + 3. Let k(q) = 2*t(q) + 5*x(q). Determine k(2).
-88
Let o(a) = -a + 2. Let n(q) = q - 5. Let p(h) = -6*n(h) - 7*o(h). What is p(-5)?
11
Let v be 0 - 7*1*-3. Let h be 3 + 8/(-4) - (-18)/(-18). Suppose 4*j + 3 + v = h. Let d(w) = -w - 4. Give d(j).
2
Let u(q) = -2 + q - 222*q**2 - 3*q**3 - 204*q**2 + 431*q**2. Suppose -5*n = -n - 8. Calculate u(n).
-4
Let f(a) = 9*a**3 + 2*a - 2. Suppose 5*v + 41 = 11. Let d be 15/v*(-52)/130. Give f(d).
9
Let a = 75 + 46. Suppose 119 = -2*x + a. Let y(z) = 8*z + 1. What is y(x)?
9
Let c be ((-44)/11)/((-20)/(-5)). Let n(x) = -7*x**2 - 10*x. Let a(l) = -2*l**2 - l. Let f(y) = c*n(y) + 4*a(y). Determine f(6).
0
Let b = 23819 - 23802. Let t(m) be the second derivative of 0 - b*m + 3*m**2 + 1/3*m**3. What is t(-5)?
-4
Let g(y) be the first derivative of 2*y**3/3 + 3*y**2 - 50*y - 4310. Determine g(0).
-50
Let n(v) be the second derivative of v**5/20 - v**4/4 - v**3/6 - v**2/2 + v + 5. Give n(3).
-4
Let y(t) be the first derivative of 8*t - 3*t**2 - 1/3*t**3 - 8. Let s(g) = -5*g + 3. Let k be s(2). Calculate y(k).
1
Let c(a) = -4*a. Let j be c(0). Suppose -4*s + 19 = -y, -5*y - 2*s - 7 = -j*y. Let i(n) = -n**3 - 2*n**2 + 2*n - 3. Calculate i(y).
0
Let y(l) = -l**3 - 10*l**2 + 28*l + 8. Suppose -19*g = -75 + 303. What is y(g)?
-40
Let a